at is the remainder when 6158958 is divided by 279942?
234
What is the remainder when 17051 is divided by 1083?
806
Calculate the remainder when 9844838 is divided by 3281523.
269
What is the remainder when 1235121 is divided by 112283?
8
What is the remainder when 67314 is divided by 32873?
1568
What is the remainder when 1680685 is divided by 280101?
79
Calculate the remainder when 1321750718 is divided by 496.
494
Calculate the remainder when 25170430 is divided by 448.
446
Calculate the remainder when 131448 is divided by 32807.
220
Calculate the remainder when 8241461 is divided by 2060328.
149
Calculate the remainder when 2266290 is divided by 73106.
4
What is the remainder when 763306 is divided by 57?
19
Calculate the remainder when 64287335 is divided by 51.
50
Calculate the remainder when 17287 is divided by 8636.
15
What is the remainder when 212460784 is divided by 1083?
10
What is the remainder when 32851698 is divided by 926?
922
What is the remainder when 13373679 is divided by 400?
79
What is the remainder when 6962673 is divided by 994644?
165
Calculate the remainder when 213257 is divided by 3676.
49
Calculate the remainder when 16515494 is divided by 88.
6
Calculate the remainder when 2125754 is divided by 40.
34
What is the remainder when 2353167 is divided by 34603?
163
Calculate the remainder when 106106400 is divided by 13.
10
Calculate the remainder when 65026507 is divided by 6701.
3
What is the remainder when 20699 is divided by 9233?
2233
What is the remainder when 98028261 is divided by 2568?
2565
What is the remainder when 39097 is divided by 1904?
1017
Calculate the remainder when 17842 is divided by 8880.
82
What is the remainder when 9276 is divided by 8329?
947
Calculate the remainder when 46090906 is divided by 15363607.
85
What is the remainder when 70474036 is divided by 4339?
4337
Calculate the remainder when 63074591 is divided by 1270.
41
What is the remainder when 293286 is divided by 1201?
242
What is the remainder when 355602 is divided by 118531?
9
What is the remainder when 10945361 is divided by 355?
1
Calculate the remainder when 12670187 is divided by 131.
129
Calculate the remainder when 31525 is divided by 600.
325
What is the remainder when 4127120 is divided by 162?
8
What is the remainder when 10086671 is divided by 214?
209
Calculate the remainder when 327674 is divided by 8197.
7991
What is the remainder when 14017 is divided by 989?
171
Calculate the remainder when 1915865 is divided by 8701.
1645
Calculate the remainder when 746066 is divided by 2753.
3
What is the remainder when 198312 is divided by 1663?
415
Calculate the remainder when 710609 is divided by 189.
158
Calculate the remainder when 87837 is divided by 315.
267
Calculate the remainder when 419727 is divided by 579.
531
What is the remainder when 713901 is divided by 356679?
543
What is the remainder when 261621 is divided by 3953?
723
What is the remainder when 26805333 is divided by 182?
9
Calculate the remainder when 5440843 is divided by 1360208.
11
Calculate the remainder when 414062 is divided by 412.
2
What is the remainder when 758956 is divided by 597?
169
Calculate the remainder when 996 is divided by 686.
310
What is the remainder when 1846186 is divided by 580?
46
What is the remainder when 2600006 is divided by 1623?
1583
Calculate the remainder when 4964232 is divided by 37.
16
Calculate the remainder when 3149101 is divided by 1574538.
25
What is the remainder when 210129109 is divided by 52532273?
17
What is the remainder when 39247 is divided by 1742?
923
What is the remainder when 1146573 is divided by 8369?
20
Calculate the remainder when 519509 is divided by 103879.
114
Calculate the remainder when 171096 is divided by 21146.
1928
Calculate the remainder when 732763 is divided by 1741.
1543
What is the remainder when 6285834 is divided by 7675?
9
What is the remainder when 535663 is divided by 58?
33
Calculate the remainder when 899601 is divided by 179919.
6
What is the remainder when 200017 is divided by 39992?
57
What is the remainder when 3889133 is divided by 9?
8
Calculate the remainder when 572323 is divided by 572309.
14
Calculate the remainder when 1890134 is divided by 458.
426
Calculate the remainder when 75438522 is divided by 2794019.
9
Calculate the remainder when 40542 is divided by 13476.
114
What is the remainder when 110625 is divided by 558?
141
Calculate the remainder when 18642 is divided by 1058.
656
What is the remainder when 327794 is divided by 66?
38
Calculate the remainder when 2216 is divided by 2086.
130
What is the remainder when 43205567 is divided by 800103?
5
What is the remainder when 687307 is divided by 76302?
589
What is the remainder when 21470567 is divided by 7156849?
20
What is the remainder when 14083207 is divided by 158238?
25
Calculate the remainder when 447927 is divided by 343.
312
What is the remainder when 5381819 is divided by 10?
9
What is the remainder when 21654285 is divided by 2058?
9
Calculate the remainder when 28067187 is divided by 13.
5
Calculate the remainder when 149593 is divided by 1373.
1309
Calculate the remainder when 3122290 is divided by 780572.
2
Calculate the remainder when 4500895 is divided by 4500892.
3
Calculate the remainder when 256067 is divided by 109.
26
Calculate the remainder when 16274921 is divided by 222944.
9
Calculate the remainder when 8938 is divided by 397.
204
What is the remainder when 1631381 is divided by 871?
869
What is the remainder when 5417191 is divided by 1805714?
49
What is the remainder when 10027119 is divided by 3342372?
3
Calculate the remainder when 1110498 is divided by 40.
18
Calculate the remainder when 201261958 is divided by 92.
90
What is the remainder when 23116279 is divided by 212?
11
What is the remainder when 11675419 is divided by 61?
19
What is the remainder when 15246 is divided by 19?
8
Calculate the remainder when 138390793 is divided by 439.
433
What is the remainder when 1501745 is divided by 1627?
24
What is the remainder when 9094157 is divided by 1572?
137
What is the remainder when 105489 is divided by 389?
70
Calculate the remainder when 408227 is divided by 5443.
2
What is the remainder when 5911049 is divided by 25?
24
What is the remainder when 10749 is divided by 3101?
1446
Calculate the remainder when 19532 is divided by 283.
5
What is the remainder when 73738832 is divided by 8508?
8504
What is the remainder when 1443203 is divided by 75869?
1692
What is the remainder when 1088481 is divided by 35108?
133
What is the remainder when 6285425 is divided by 5363?
5352
What is the remainder when 146040 is divided by 474?
48
Calculate the remainder when 22513 is divided by 6883.
1864
Calculate the remainder when 1140635 is divided by 380146.
197
What is the remainder when 31669303 is divided by 194290?
33
Calculate the remainder when 1972673 is divided by 12563.
282
What is the remainder when 326768 is divided by 163212?
344
What is the remainder when 892970 is divided by 17859?
20
Calculate the remainder when 415887 is divided by 4951.
3
Calculate the remainder when 1996687 is divided by 399334.
17
Calculate the remainder when 66557 is divided by 7894.
3405
Calculate the remainder when 202525 is divided by 7220.
365
Calculate the remainder when 9139171 is divided by 241.
210
What is the remainder when 6523387 is divided by 39?
13
What is the remainder when 39959 is divided by 84?
59
What is the remainder when 1754741 is divided by 670?
11
Calculate the remainder when 93434 is divided by 2030.
54
What is the remainder when 585653689 is divided by 65072632?
1
Calculate the remainder when 206616 is divided by 5583.
45
Calculate the remainder when 8947 is divided by 1952.
1139
What is the remainder when 10924616 is divided by 555?
551
Calculate the remainder when 93964713 is divided by 281.
280
What is the remainder when 1519310 is divided by 126?
2
Calculate the remainder when 847171429 is divided by 3231.
3229
Calculate the remainder when 1949661 is divided by 487261.
617
What is the remainder when 2561091 is divided by 1686?
57
Calculate the remainder when 79914 is divided by 76062.
3852
Calculate the remainder when 5535523 is divided by 14.
7
What is the remainder when 175